est common divisor of 26 and 48074?
26
What is the greatest common factor of 104 and 4836?
52
Calculate the greatest common divisor of 37 and 1221.
37
Calculate the highest common factor of 5 and 677.
1
Calculate the greatest common divisor of 888 and 108.
12
What is the highest common divisor of 3906 and 252?
126
What is the greatest common divisor of 4810 and 260?
130
What is the highest common divisor of 253 and 1441?
11
Calculate the greatest common divisor of 427 and 14.
7
Calculate the highest common divisor of 170 and 34.
34
What is the highest common factor of 144 and 180?
36
Calculate the highest common divisor of 423 and 9.
9
Calculate the highest common divisor of 8 and 64.
8
Calculate the greatest common factor of 6 and 8.
2
What is the highest common factor of 96 and 36?
12
Calculate the greatest common factor of 8 and 340.
4
What is the greatest common divisor of 961 and 31?
31
Calculate the greatest common factor of 4155 and 75.
15
Calculate the greatest common divisor of 312 and 70824.
312
What is the greatest common factor of 220 and 1620?
20
What is the highest common factor of 7128 and 44?
44
Calculate the greatest common divisor of 45 and 20565.
45
What is the greatest common factor of 1490 and 630?
10
Calculate the highest common factor of 107 and 3424.
107
Calculate the greatest common divisor of 22 and 2.
2
What is the greatest common divisor of 1272 and 12?
12
Calculate the highest common divisor of 8316 and 12.
12
Calculate the highest common factor of 520 and 3796.
52
What is the greatest common factor of 4 and 1610?
2
Calculate the highest common divisor of 15 and 11715.
15
What is the greatest common factor of 1212 and 48?
12
What is the greatest common divisor of 413 and 531?
59
What is the highest common divisor of 5684 and 348?
116
Calculate the greatest common factor of 38 and 3686.
38
What is the greatest common factor of 52 and 52?
52
What is the highest common divisor of 15 and 74895?
15
What is the greatest common divisor of 27 and 9?
9
Calculate the greatest common factor of 355 and 781.
71
Calculate the highest common factor of 36 and 28.
4
What is the greatest common divisor of 56 and 356?
4
What is the highest common divisor of 8500 and 750?
250
What is the greatest common factor of 75 and 180?
15
What is the greatest common factor of 564 and 24?
12
Calculate the greatest common divisor of 150 and 3125.
25
What is the greatest common divisor of 57 and 6213?
57
Calculate the highest common divisor of 2676 and 12.
12
Calculate the highest common factor of 720 and 96.
48
Calculate the greatest common factor of 73 and 14.
1
What is the highest common factor of 540 and 1710?
90
Calculate the highest common factor of 1158 and 8.
2
Calculate the greatest common factor of 35 and 7.
7
Calculate the highest common divisor of 33 and 20900.
11
Calculate the greatest common divisor of 9352 and 392.
56
Calculate the highest common divisor of 280 and 665.
35
Calculate the highest common factor of 48 and 108.
12
What is the greatest common factor of 273 and 12?
3
What is the highest common divisor of 1140 and 60?
60
What is the greatest common factor of 67 and 97485?
67
Calculate the highest common divisor of 1890 and 180.
90
What is the greatest common factor of 2847 and 78?
39
What is the highest common divisor of 120 and 1320?
120
Calculate the greatest common factor of 44 and 5104.
44
What is the greatest common factor of 292 and 1?
1
Calculate the highest common factor of 484 and 176.
44
What is the greatest common divisor of 27 and 279?
9
What is the highest common divisor of 1 and 131?
1
Calculate the highest common factor of 114 and 14877.
57
Calculate the highest common factor of 14 and 450.
2
What is the greatest common divisor of 51 and 9129?
51
What is the greatest common factor of 975 and 585?
195
What is the greatest common factor of 10 and 4?
2
What is the greatest common divisor of 158 and 2765?
79
Calculate the greatest common factor of 256 and 80.
16
Calculate the greatest common divisor of 177 and 118.
59
What is the greatest common divisor of 2664 and 74?
74
What is the highest common factor of 768 and 3?
3
Calculate the greatest common factor of 45 and 15.
15
What is the highest common divisor of 4444 and 22?
22
What is the highest common factor of 1345 and 95?
5
What is the greatest common divisor of 101 and 1111?
101
Calculate the highest common factor of 21 and 2667.
21
What is the greatest common divisor of 343 and 63?
7
What is the greatest common divisor of 459 and 2511?
27
What is the highest common factor of 97 and 8439?
97
Calculate the highest common factor of 393 and 6.
3
What is the highest common factor of 11932 and 304?
76
Calculate the highest common factor of 120 and 648.
24
Calculate the highest common divisor of 1316 and 1034.
94
What is the greatest common factor of 14 and 8519?
7
Calculate the greatest common divisor of 312 and 384.
24
Calculate the greatest common divisor of 434 and 1922.
62
What is the greatest common divisor of 2743 and 39?
13
Calculate the highest common factor of 16 and 1144.
8
Calculate the greatest common factor of 13962 and 6.
6
Calculate the highest common divisor of 3050 and 1586.
122
What is the highest common divisor of 2193 and 102?
51
Calculate the greatest common divisor of 102 and 24.
6
Calculate the highest common factor of 1709 and 2.
1
What is the highest common factor of 246 and 861?
123
Calculate the greatest common factor of 54 and 12.
6
Calculate the greatest common divisor of 80 and 1832.
8
Calculate the greatest common factor of 2440 and 140.
20
What is the greatest common factor of 98 and 154?
14
Calculate the highest common divisor of 56 and 182.
14
Calculate the greatest common divisor of 34016 and 32.
32
Calculate the highest common factor of 315 and 28.
7
What is the greatest common divisor of 18816 and 128?
128
Calculate the highest common factor of 81 and 21303.
81
Calculate the highest common divisor of 14 and 1561.
7
Calculate the highest common divisor of 275 and 55.
55
What is the highest common divisor of 791 and 14?
7
What is the highest common divisor of 638 and 44?
22
What is the highest common factor of 5 and 805?
5
What is the greatest common divisor of 273 and 507?
39
Calculate the greatest common divisor of 161 and 21.
7
What is the highest common divisor of 40 and 485?
5
What is the greatest common divisor of 231 and 22?
11
What is the highest common factor of 19 and 437?
19
Calculate the highest common factor of 57 and 1824.
57
Calculate the highest common divisor of 52 and 1196.
52
Calculate the highest common factor of 1398 and 6.
6
Calculate the greatest common divisor of 2163 and 21.
21
What is the highest common factor of 672 and 96?
96
Calculate the greatest common divisor of 20 and 200.
20
Calculate the highest common factor of 4539 and 153.
51
Calculate the highest common factor of 79392 and 96.
96
Calculate the greatest common factor of 40 and 70.
10
What is the greatest common factor of 1660 and 20?
20
Calculate the highest common divisor of 20 and 82.
2
What is the greatest common factor of 1121 and 1216?
19
Calculate the greatest common divisor of 112 and 252.
28
What is the highest common divisor of 288 and 768?
96
Calculate the greatest common divisor of 1251 and 32943.
417
What is the highest common divisor of 540 and 890?
10
Calculate the greatest common factor of 72 and 4392.
72
Calculate the greatest common divisor of 2392 and 23.
23
Calculate the greatest common divisor of 96 and 408.
24
Calculate the highest common factor of 86 and 1118.
86
Calculate the greatest common factor of 7040 and 55.
55
What is the highest common divisor of 945 and 270?
135
Calculate the highest common factor of 107 and 963.
107
Calculate the highest common factor of 39 and 1157.
13
What is the highest common divisor of 252 and 150?
6
Calculate the highest common factor of 66 and 1221.
33
Calculate the highest common factor of 2254 and 92.
46
What is the greatest common factor of 369 and 2829?
123
What is the highest common factor of 5103 and 126?
63
What is the greatest common factor of 27 and 33?
3
What is the highest common divisor of 22308 and 33?
33
Calculate the greatest common factor of 36 and 52.
4
Calculate t